er when t is divided by 78?
76
What is the remainder when 227 is divided by ((2 + 54)/7)/((-6)/(-24))?
3
Let a = 86 - 56. Let q = -4016 - -4023. Calculate the remainder when a is divided by q.
2
Let z(k) = k**3 + 9*k**2 - 32*k - 88. What is the remainder when 238 is divided by z(-11)?
18
Let c be ((-9)/(-6) - 1)*-54. Let q = c + 23. Calculate the remainder when q - (-9)/(18/184) is divided by 30.
28
Suppose 0 = 6*g - 110 + 56. Calculate the remainder when 86 is divided by (g/(-6))/((-255)/(-264) - 1).
42
Let a = -136 - -60. Suppose 5*l + 10 = 0, -4*x = x + 3*l + 1241. Let b = a - x. What is the remainder when b is divided by 29?
26
Let m = 83 - 70. Suppose 0 = m*q - 17*q + 2*g + 120, -g + 80 = 3*q. What is the remainder when q is divided by 12?
4
Suppose -20 = -s - g + 12, -52 = -s - 5*g. Let y be 20 - (-3 + (13 - 7)). Suppose -3*p = -y*p + 1484. Calculate the remainder when p is divided by s.
25
Let h(k) = 4*k**2 - 68*k + 9. Calculate the remainder when 127 is divided by h(17).
1
Let r = 2626 - 2532. What is the remainder when 346 is divided by r?
64
Let r(w) = 20*w + 6. Suppose 18 = -5*y + 4*y. Calculate the remainder when r(4) is divided by (y/(-6) + -12)*10/(-3).
26
Let i(d) = -d + 30. Let s(c) = c + 3. Let a be s(2). Suppose a*h = 716 - 121. Calculate the remainder when h is divided by i(0).
29
Let x = 81 + 386. Let q = x - 458. Let k(v) = -v**3 - v**2 + 3*v - 1. Calculate the remainder when k(-4) is divided by q.
8
Suppose -192*t + 45214 = 12*t - 78818. What is the remainder when t is divided by 87?
86
Suppose -5*i - 32*i + 170376 = -6*i. What is the remainder when i is divided by 20?
16
Suppose -2*g = -2*s + 4, g + 2 = 2*s - 2*g. Let k = -130 + 135. Let d(z) = -z**3 + 6*z**2 - 4*z + 2. What is the remainder when d(k) is divided by s?
3
Suppose -84*g + 49*g + 56*g = 588. Calculate the remainder when 257 is divided by g.
5
Let k be ((-36)/(-5))/(1 + (-52)/60). Suppose 3*n = 2*n - k. Let t = 70 + n. Calculate the remainder when 62 is divided by t.
14
Let l(q) = 64*q - 2213. Calculate the remainder when l(38) is divided by 64.
27
Suppose 3*s - 20 = 3*t + 2*t, -s + 3 = 2*t. Let a(f) = -16*f + 1. What is the remainder when 17 is divided by a(t)?
0
Suppose 3*r + 3*g - 669 = 0, -7*r + g + 928 = -673. Calculate the remainder when 1589 is divided by r.
221
Suppose 2*k - 5*b - 62 = k, -3*k = -b - 172. Calculate the remainder when 288 is divided by k.
3
Suppose 23*a - 5*i - 21425 = 18*a, -4*a + 17136 = -2*i. What is the remainder when a is divided by 84?
83
Let i(p) be the first derivative of p**2 + 17*p + 189. Suppose -2 = -2*k - 3*u, -2*k - 5*u = 2*k. What is the remainder when i(k) is divided by 7?
0
Suppose -2*p + 5*x = -209, -33*p - 3*x = -35*p + 211. Let w = 761 + -743. What is the remainder when p is divided by w?
17
Calculate the remainder when 2349 is divided by 8/((-16)/(-3))*(-750)/(-45).
24
Suppose -75*r = -23109 + 9084. What is the remainder when 408 is divided by r?
34
Let h = 77178 - 77099. Let w = -26 + 53. Calculate the remainder when h is divided by w.
25
Let s(z) = -z**2 + z - 47. Let x be s(0). Suppose w - 58 = 4*t - 0*t, -4*w = -5*t - 243. Let h = w + x. Calculate the remainder when h is divided by 9.
6
Let x(c) be the third derivative of 10*c**2 + 0 + 1/2*c**3 + 1/4*c**4 + 0*c. Calculate the remainder when 17 is divided by x(1).
8
Suppose 2*t + 148 = 2*i, 4*t + 0*i = 5*i - 294. Let d = -61 - t. Let j = 75 + -47. What is the remainder when j is divided by d?
13
Suppose 18 = 2*b - 2*m, 2*m = 3*b - 10 - 14. What is the remainder when 170 is divided by b?
2
Let l be (0 + 2)*(-27)/(-27) + 3. Suppose -23 = -l*g + 2*w, -2*g + 3*w + 7 = -11. What is the remainder when 27 is divided by g?
0
Let k(p) = 43*p + 70. Let h be k(-9). Let g = h + 376. Calculate the remainder when g is divided by 10.
9
Let k(c) = c**2 - 18*c + 34. Let d be k(16). Suppose -d*l + 4*j - 35 = l, -50 = 5*l - 5*j. What is the remainder when 57 + l + -3*(-2)/2 is divided by 21?
13
Let r = 39 - 11. Suppose 0 = -14*p + 92 + 1650 + 960. What is the remainder when p is divided by r?
25
Let u(f) = 4*f**2 - 15*f - 11. Let t be u(-6). Let s = t + -154. Calculate the remainder when s is divided by 12.
9
Suppose 736 = 20*v - 404. What is the remainder when 266 is divided by v?
38
Suppose -v = 4*v - 670. Suppose -15*d + 13*d = -312. What is the remainder when v is divided by 6*5 + d/39?
32
Let v(u) = 6*u**3 - 4*u + 1. Let f be v(-2). Let o = -36 - f. Suppose 3*x + 3*t = 24, -5 = -o*t - 17. What is the remainder when x is divided by 7?
5
Suppose -3*d + 42 = -81. Suppose d*a = 53*a - 3420. Calculate the remainder when a is divided by 41.
39
Let r(g) = 11*g**2 + 16*g - 293. Calculate the remainder when r(10) is divided by 57.
55
Let n = 110 - 9. Let t = n + -24. Calculate the remainder when 307 is divided by t.
76
Suppose 14 + 71 = 5*n. Suppose 5*k = -4*t + 41, t = -4*k + 6*t. Suppose -u - n = -2*a, a - k*u - 18 = 4. What is the remainder when 18 is divided by a?
4
Let k = 1673 + -946. Calculate the remainder when k is divided by 191.
154
Let s(m) = -m**3 + m**2 + 2*m - 2. Let b be s(0). Let c be (-2*35/40)/(b/80). Let a = c - 67. Calculate the remainder when 6 is divided by a.
0
Suppose -37*b - 5*u = -33*b - 4647, -2*b + 3*u + 2329 = 0. Calculate the remainder when b is divided by 51.
41
Let g be (-7)/28*-20 + 10/2. Let t(z) = z**2 + 8*z + 9. Let f be t(-6). What is the remainder when -55*(f/(-12) + g/(-8)) is divided by 20?
15
Let s = 17693 + -17674. Calculate the remainder when 1746 is divided by s.
17
Suppose -4*y + 1356 = g - 5*g, 1683 = -5*g + y. Let t = g + 381. What is the remainder when 101 is divided by t?
11
Let f(q) = -6*q**2 - 91*q + 15. Calculate the remainder when f(-14) is divided by 42.
29
Let s = -77 - -260. Suppose -18*d + 241 = -0*d - 893. What is the remainder when s is divided by d?
57
Calculate the remainder when -7 + (-208)/(-32) - (-9339)/6 is divided by 309.
11
What is the remainder when 76/4*-68*13/(-13) is divided by 322?
4
Let w(c) = -3*c**2 - 92*c + 491. Suppose -3*v + 60 + 102 = 0. What is the remainder when w(-33) is divided by v?
44
Let u(i) = -128*i + 647. Suppose 0 = -3*z + b + 1 + 244, -3*z + 229 = -5*b. What is the remainder when z is divided by u(5)?
6
Suppose -j + 52*j = 18666. Calculate the remainder when j is divided by 62.
56
Let d(c) = 20*c - 79. Let x be d(5). What is the remainder when 454 is divided by 279/x + (-28)/98?
12
Suppose -18*f = -5*f - 3*f - 2530. What is the remainder when f is divided by 64?
61
Let h = -3067 + 6100. What is the remainder when h is divided by 138?
135
Suppose 66 = 5*q - 344*s + 346*s, -2*s = -2*q + 4. Let z = 200 + -41. Calculate the remainder when z is divided by q.
9
Let u = -10423 - -10430. Let n = 87 - -1. Calculate the remainder when n is divided by u.
4
Suppose -9979*f - 3525 = -10004*f. Calculate the remainder when 615 is divided by f.
51
Let a = -237 + 247. Suppose 380 = 4*j + 152. Calculate the remainder when j is divided by a.
7
Let y(g) = -g**2 + 27*g + 70. Let t = 645 - 616. What is the remainder when 51 is divided by y(t)?
3
Suppose 68*p + 7185 = 73*p + 2*y, -3*y = 3*p - 4320. Calculate the remainder when 2873 is divided by p.
3
Let o(w) = -w**3 - 5*w**2 + 9*w - 99. What is the remainder when 2801 is divided by o(-10)?
2
Suppose -17*d = -3*d - 1232. Let h = -13 - -2. Let x(s) = s**2 + 9*s + 8. What is the remainder when d is divided by x(h)?
28
Suppose l - 4 = -0*l. Suppose 5*y = -10*w + 260, -w - 16*y + 61 = -12*y. Calculate the remainder when (-7)/(-28) - (-911)/l is divided by w.
18
Suppose 7*c - 5*c - 50 = 0. Suppose 5*g - 34 = 2*n + g, 0 = 5*g - c. Let w(j) = -8*j - 43. What is the remainder when 63 is divided by w(n)?
11
Calculate the remainder when ((-42)/(-8) + 2/(-4))/(3082/3094328) is divided by 15.
14
Let n(b) = -1. Let x(r) = -10*r + 1. Let m(s) = 2*n(s) - x(s). Suppose -2*i + 7 = 3*o, 3*i - 5*i + 5 = o. What is the remainder when m(o) is divided by 7?
0
Let t be (310/(-4))/(-7 + 1105/158). Calculate the remainder when 240 is divided by 1 + (-22)/16 - t/(-248).
44
Let l = 14420 - 14370. Suppose 22 = 2*n - 70. What is the remainder when l is divided by n?
4
What is the remainder when 147/(-2 + 27/14 + (-1140)/(-1064)) is divided by 12 - (3 + (-1)/1)?
7
Let q be (2/(-2))/(4 + (-5